)?
6
What is the value of 0 - (10 - (14 + -7 + 7))?
4
Evaluate 0 + -1 - 3 - 0.
-4
What is the value of -14 + 8 - -1 - (6 + -1)?
-10
Calculate (2 - 2) + -3 + -1 - (3 - -2).
-9
Calculate -10 + (-5 - -6 - 1).
-10
Evaluate (0 - -8 - 1) + -10 - -19.
16
What is (-31 - -4 - -7) + 4?
-16
What is (-4 - 7) + (-4 - 3) + 4?
-14
Calculate (-8 - -9) + -9 + (-15 - -11).
-12
3 + (-3 - -1) - (-557 + 561)
-3
Evaluate (16 - (22 - -4)) + (-2 - -2).
-10
What is -500 - -502 - (1 + (1 - (-5 - 0)))?
-5
What is (10 - 63) + 47 - (-1 - 7)?
2
Calculate (9 + 3 - 32) + 0.
-20
What is the value of 10 - (-25 - -36 - -7)?
-8
Calculate -5 + 5 + -11 - -4.
-7
Calculate -2 + 47 + -300 + 254.
-1
20 - (42 + -2 - 32)
12
Calculate -5 - (2 + 11 - 26).
8
What is -156 + 161 + 0 + -9?
-4
What is the value of -32 - (-5 + 4 + 42 + -43)?
-30
7 - (7 + (2 + -1 - 12) - -1)
10
What is 88 - 97 - (-11 - -1)?
1
What is the value of -2 + 4 + (4 - (17 - 8))?
-3
(-4 - -1) + (2 + 16 - (57 - 56))
14
Calculate 3 + 4 - -18 - 19.
6
-4 + 0 - ((16 - 37) + 17)
0
Evaluate 2 + -41 + -288 + 301.
-26
What is the value of -335 + 348 + (-4 - (2 + -4 + 4))?
7
(-14 + 15 - (-2 + 1 + -3)) + 7
12
What is the value of (233 - 228) + (1 - -1)?
7
Calculate 11 - (-2 - (-3 - -13)) - 17.
6
What is the value of (13 - 1) + (-30 - (-31 + 6))?
7
Evaluate -6 - -8 - (7 + -5) - (9 + -4).
-5
What is the value of 6 - 3 - (2 - (0 - (3 + 0)))?
-2
Evaluate (-2 - -2) + 0 + 2 - (33 + -27).
-4
What is the value of 0 + 2 + (11 - 49) + 15 + -6?
-27
What is the value of -3 + 4 - (-32 + 24)?
9
Evaluate -5 - (-22 - (-5 + 16 + 1)).
29
-3 + (-7 - -6) + 0 + 4 + 6
6
What is -6 + -1 + 7 + (-23 - -14)?
-9
What is 54 - 54 - (-4 + (-4 - 12))?
20
Calculate (5 - 1) + 2 + -1 - (148 + -153).
10
Calculate -1 + -7 - (-1 - (-1 + 5)).
-3
-19 - (5 - 26 - -19)
-17
Evaluate (-52 - -44) + (-2 - -14 - -2) - 5.
1
Calculate 0 + (-13 - -1) + (4660 - 4642).
6
7 + (3 - 6) + 2 + 2 - 12
-4
(-2 - -25) + -58 + 53
18
What is 25 - -17 - (29 + 2)?
11
Calculate (34 - 4) + 3 + -37.
-4
Calculate 1 - (-49 + 44 - (2 + -1) - 4).
11
Evaluate -11 - -1 - (-29 + 14).
5
What is 3 - (-10 - -7) - (4 - -4) - -5?
3
3 + (1 - (-1 - 1)) + 43 + -61
-12
What is the value of 15 - 2 - 3 - (-25 + 40)?
-5
What is the value of -8 - ((0 - (-9 + 12)) + -1)?
-4
(3 - 2 - (-7 + 1)) + -5 + 13
15
What is the value of (-89 - -68) + (-2 - (-10 + -4))?
-9
What is 44 + -36 + (-2 - (-2 - -7)) + 4?
5
Evaluate (-46 - -54) + (-13 - -1).
-4
-1 + -34 + 12 + 10
-13
What is 4 + (9 + 0 - 10) - (11 + -1)?
-7
What is the value of 24 + (6 - ((-6 + 5 - 9) + 11))?
29
What is -12 + 9 + (-1 - -1)?
-3
Calculate (-21 - -6) + 18 - (2 - (-4 - -3)).
0
Evaluate (-3 - -9) + 4 + -29 + (-7 - 1).
-27
What is 10 + (-8 + 6 - -1) + 0?
9
-5 + (-15 - -20) + 10
10
Calculate 31 + (-20 + 20 - 25).
6
(-23 - (0 - 0)) + 6606 + -6609
-26
What is (-23 - -4) + 1 - (133 - 142)?
-9
Evaluate 0 + (5 - (-3 + (-5 - -16)) - 3).
-6
What is 14 + (25 - 56) + 5 + 3?
-9
What is the value of -410 - -419 - (-3 + (0 - 1))?
13
What is (0 - -4 - (-97 + 94)) + -21?
-14
4 + (11 - 5 - 8 - (-1 - -1))
2
Evaluate (-1 - -16) + (21 - 38).
-2
15 - (-3 + 6) - (157 + -149)
4
What is the value of 5 + (10 + -17 - (-5 - -1))?
2
(8 - 5) + 8 + (1 - 1) + 10
21
What is the value of (-363 - -406) + (0 - (-3 + (14 - 3)))?
35
0 - (27 - (-2 - -22))
-7
What is the value of (-21 - (-27 + 16)) + 26?
16
What is 9 - 1 - (-14 + 17) - (25 + -12)?
-8
(-6 - -27) + 33 + -46
8
Evaluate 21 + (-4 - -21) + -24.
14
Calculate 9 + -2 + -4 + 8 + -6 + -9.
-4
Calculate 6 + -43 - (-1 + -10 + (1 - -3)).
-30
What is the value of 8 - (5 + -12 + 7 + 5)?
3
Evaluate -15 - -25 - -9 - (10 + -4).
13
0 + (10 - (36 + -12)) + 38
24
Calculate 13 + -39 + 40 + (-19 - -5).
0
5 - 0 - (-16 - -8)
13
Calculate (-11 + 24 - -8) + -11 - 4.
6
Calculate (-11 - -12) + (15 - (-2 + 9 + -17)).
26
What is -9 + 2 - (-74 - -70)?
-3
What is (-4 - -1) + 0 + -20 + 7 + 11?
-5
What is 21 + 12 + -26 + 0 + -14?
-7
What is 1 + (0 - -23) - (-13477 + 13467)?
34
(5 - 18) + 16 + (-38 - -4 - -4)
-27
Calculate (-30 + 11 - -14) + (-4 - -2).
-7
What is the value of (13 + -5 - -8) + -17?
-1
Calculate (8 - 0) + -5 - (52 + -79).
30
What is -160 - -144 - (-23 + 1)?
6
-1 - (-2 + (-1 - -3)) - (-359 + 362)
-4
What is (9 - 4) + (15 - 21)?
-1
Calculate 13 + (-1 + 6 - 6) - (5 - 1).
8
(-4 + -3 - -15) + -1 - -2
9
5 - -5 - (31 - 14)
-7
-14 - (-6 + 15) - -39
16
Evaluate (-6 + 1 - (-3 + 3 + 1)) + 2.
-4
What is -10 - (-5 + (0 - 0) + -83 + 84)?
-6
What is -6 + 19 + (-8 - 8) + (-2 - 0)?
-5
What is -34 - -67 - 35 - -6?
4
(-4 - 20) + (24 + 13 - 21)
-8
-6 - (-11 + -3) - (-5 - -4) - -2
11
What is the value of (4 + -40 - -28) + -4?
-12
14 + (-1 - -1) - (-62 - -71) - 7
-2
What is -5 + 0 + (9 - 1) + 4?
7
What is the value of (36 - 43) + (2 + -5 - (-3 - 7))?
0
What is 4 - (0 + 2) - (-55 - -53)?
4
What is -8 + (-7 - -2) + (-7 - -12)?
-8
-1 + 15 - (590 - 593)
17
Calculate (12 - 10) + -26 - -40.
16
Evaluate 6 - (-2 + 0 - (29 - 38)).
-1
Evaluate -22 - 20 - -24 - -8.
-10
(1 - -14) + 1 + (4 - 12 - -4)
12
What is -23 - -39 - -24 - 12?
28
What is 28 + -19 + -1 + -6?
2
(-14 - -6) + (0 - (-7 + 10)) + 7
-4
(3 - 9) + (25 - -7) + -9
17
Evaluate 2 + 1 + (26 - 33) + 2.
-2
What is -3 - (0 + -3 - -3) - -11?
8
Calculate 14 + (-11 - 8) + (6 - 0).
1
What is the value of -14 - 3 - (-17 + 16 - -9)?
-25
What is the value of 0 + -19 + 22 + -1 + -2?
0
(4 + -15 - -30) + (-17 - -5)
7
What is the value of 48 + -30 + 10 + -39?
-11
(63 - 36) + -10 + -9
8
Evaluate -4 - (1 + -5 + 7 - 7) - -7.
7
What is the value of -11 + (9 - 36 - -27)?
-11
Evaluate 13 + (-14 - -10) - 2.
7
-4 + 1 + (1 - (0 + -2 + -5))
5
What is (-9 - 3) + 15 + (46 - (-1 - -11))?
39
Evaluate -14 + -23 + 57 + -6.
14
Evaluate -2 - (9 - -1 - (2 - -12 - 13)).
-11
-23 - (-4 - -15 - 19)
-15
What is 18 + (-31 - -14 - -12)?
13
93 + -96 + -1 + 5
1
What is 8 + -9 - -4 - 14 - -4?
-7
What is the value of (-12 - -16 - -3 - 0) + (4 - 27)?
-16
What is the value of -38 + 30 - (-17 + -4 + (4 - 3))?
12
(2 - -3) + (-29 + 10 - (-7 + -6))
-1
Calculate 0 - (2 + -3 + 3 + -5) - -3.
6
43 + -55 - ((-1 - 2) + -2 - -3)
-10
10 + 0 + (83 - 107)
-14
-2 + -7 - (-1 + (-2 - 2) + -2)
-2
What is the value of 17 + -14 + -21 + 13?
-5
Calculate (-15 - -28) + 0 + -16 - -6.
3
What is -19 - (9 - (-9 - -10 - -14))?
-13
What is 35 + -15 + -24 - (5 + 7)?
-16
What is 41 + -9 + 46 + -67?
11
What is the value of 3 + (-10 - (-7 + -26))?
26
What is the value of 15 - (6 - (-12 + 5))?
2
Evaluate (-43 - -51) + -2 + 1 + -11 + -5.
-9
What is -3 + 25 + -6 + -11?
5
What is the value of 33 + (-12 + -30 - 9)?
-18
15 + 0 - (8 + (-27 - -14) - -2)
18
5 + (-10 + 12 - 10) + (-11 - -1)
-13
168 - 184 - (-41 + 2)
23
Evaluate 25 + -18 + -11 - (0 - -4).
-8
Evaluate 7 - (-18 + 13) - 22.
-10
Calculate 9 + 18 + -19 + 0 + -6.
2
What is the value of -10 - -11 - (-2 - -5 - (3 + -3))?
-2
What is the value of (2 - -23 - 5) + -31?
-11
What is -62 + 36 - (-4 - (-5 - -5))?
-22
Calculate (-5 - (0 + 0) - 12) + (28 - 26).
-15
Evaluate (11 - 3) + -70 + 52.
-10
Evaluate 18 + -35 + (-2 - -17).
-2
What is the value of (-1263 - -1274) + (1 - 23)?
-11
-13 + 39 + -32 - -32
26
Calculate 2 + (19 - 16) + 1 + -7.
-1
What is the value of (-1 - (1 + 3)) + -44 + -5 + 33?
-21
Evaluate -4 + -5 + -6 + 6 + 4.
-5
Evaluate 5 + 1 + -5 + 12 + -13 + -13.
-13
Evaluate 9 + -2 - 1 - (5 + -14).
15
Evaluate (2 - 0) + -4 + (10 - 10).
-2
What is the value of 4 + -29 + 21 - 11 - (1 + -5)?
-11
Calculate -12 - ((54 - 58 - (1 - 2)) + 5).
-14
Calculate 5 + -1 + -6 + 21 - 6.
13
What is -5 + -2 - (-13 + (-7 - 6))?
19
What is the value of 18 + 13 + -13 + 2?
20
What is 2 - (-1 - (1 + -1)) - (1278 + -1276)?
1
Evaluate (21 - -24) + -32 - 40.
-27
-11 - (-21 + (5 - 15))
20
2 - -1 - 15 - (48 + -45)
-15
What is the value of 47 + -1 - (831 - 800)?
15
11 + -7 - (-9 + 6 - -2)
5
Calculate -3 - 13 - 1 - -11.
-6
Evaluate 29 - 29 - (-3 + -2 - 8).
13
What is the value of -16 + (4 - -1) + 17 - (0 - -1)?
5
Evaluate -8 + (-8 - (1 - 6) - (-9 + 16)).
-18
What is -6 - (-7 - 0) - (-10 - -14)?
-3
Calculate -7 + 9 - 0 - 10 - 12.
-20
Evaluate -3 + 1 - (-1 + -6 - 9 - -24).
-10
What is 25 - (3 - (-14 + 5)) - (-1 - 2)?
16
What is the value of 24 + (-6 - (6 - 2)) + 1?
15
6 + -7 + -2 + (3 - -8 - -1)
9
What is the value of -3 - (3 - (-4 - (-14 + -17)))?
21
(-20 - (3 + -14)) + 7
-2
15 + (30 - 4